 322 - 181. Let q = -243 + 134. Let p = q + i. Does 16 divide p?
True
Suppose -54 = -7*w - 19. Let h(v) = v**3 - 6*v**2 + 5*v + 10. Is h(w) even?
True
Suppose 27*i = 5*i + 2*i + 146200. Is 34 a factor of i?
True
Let c = -89 + 92. Suppose 3*u = 3*d + u + 1, d + c*u - 18 = 0. Suppose 4*b - 788 + 131 = -3*i, 0 = -b - d. Does 38 divide i?
False
Let a = -33 - -2184. Suppose 0 = -4*i + 49 + a. Is i a multiple of 22?
True
Suppose 10 = -5*z + 80. Suppose 2*x = -8 + z. Suppose x*u = -4*o - 0*u + 215, u = -3. Does 28 divide o?
True
Let k be 6/((90/80)/9). Let v = 99 - 3. Let c = v - k. Does 12 divide c?
True
Let w(j) = j + 33. Suppose 2*d + 3*k + 57 = 7*d, 2*k = -4*d + 50. Suppose z - m - d = m, 4*m + 12 = 0. Is 31 a factor of w(z)?
False
Let h(n) = 150*n - 1739. Is h(59) a multiple of 157?
False
Suppose -18*f = -29*f + 132. Is 4 a factor of f?
True
Let k = 918 + 1082. Suppose -31*x = -26*x - k. Is 40 a factor of x?
True
Suppose 5*q = -10588 + 29378. Suppose 8*j = -1350 + q. Does 17 divide j?
False
Let f = -5837 - -6266. Does 50 divide f?
False
Let m = -179 + 179. Let x = m - -70. Is x a multiple of 14?
True
Let m be ((-606)/9)/(2/(-27)). Suppose 5*g = m - 229. Does 9 divide g?
False
Let d(u) = -u**2 - 3*u + 9. Let v be d(-9). Let s = 39 + v. Is 7 a factor of (-4)/8*s - 26/(-1)?
False
Suppose 4*k = 3*j + 51, 6*k - 4*k + 4*j = -2. Suppose 847 = 5*z - 5*o + k*o, 0 = -3*z - 2*o + 507. Is z a multiple of 3?
False
Suppose 4*n - 3 = 2*k - n, -k - 5*n - 9 = 0. Let v(h) be the second derivative of 5*h**4/12 + h**3/2 + 5*h**2 - h. Is v(k) a multiple of 13?
True
Let h = 182 + 67. Let b = h + -181. Is 6 a factor of b?
False
Suppose -205 = 5*i + 5*o - 1470, -25 = -5*o. Suppose 3*d - 110 = 4*t + 242, -4*t = 2*d - i. Does 15 divide d?
True
Let i(k) = -4*k - 7. Let h be i(-3). Suppose -5*p = 25, 2*x = h*x - 4*p - 5. Let m = 6 - x. Is m a multiple of 3?
False
Suppose -2*l + 5*m = -4880, -l - l + 4878 = -4*m. Suppose 8*q - l - 2581 = 0. Is 29 a factor of q?
False
Let a = 27660 + -11663. Is a a multiple of 14?
False
Does 95 divide -16*(-10)/(-100) + (-2128080)/(-50)?
True
Let j(d) = 36392*d + 886. Is j(1) a multiple of 114?
True
Let i = -16 + 22. Let g(w) = 154*w + 743. Let z be g(-4). Suppose 19 = -i*l + z. Is l a multiple of 6?
True
Suppose -37*c = -7*c - 0*c - 285720. Is 29 a factor of c?
False
Suppose -3 + 7 = 2*i. Let j(b) = -8*b + 2*b**3 + b**3 - 5*b**3 + 10 - 6*b**2 - i*b. Is j(-5) a multiple of 32?
True
Let s = 2150 - -4337. Does 5 divide s?
False
Suppose -2014573 - 538467 = -223*g - 12*g. Is 16 a factor of g?
True
Let q(w) = -635*w**3 - 12*w**2 - 13*w + 12. Is 32 a factor of q(-3)?
True
Let h(q) = -q**3 - 6*q**2 - 7*q - 10. Let m be h(-4). Suppose -5*d + 2*d - 2070 = 0. Is 23 a factor of d/m + 30/(-105)?
False
Let w be (-78)/4*(679/21 - 3). Let j = -281 - w. Does 18 divide j?
False
Suppose -2*t - 3*f + 2*f + 10797 = 0, -f + 16197 = 3*t. Is 54 a factor of t?
True
Let d be 1*849/15*1*5. Let q = -267 + d. Is 8 a factor of q?
True
Suppose 0 = -2*i + 75 - 67. Is ((-1488)/217)/(i/(-126)) a multiple of 8?
True
Suppose 25*q + 12*q = 89059. Let k = q - 1355. Is k a multiple of 24?
False
Let y = -142 - -137. Is (y + 0 + -7)/((-8)/68) a multiple of 17?
True
Let b be (-10)/(-4)*512/80. Suppose 195 = -b*q + 21*q. Is q a multiple of 4?
False
Let r = -40 - -168. Suppose 2*f + r = 2*i - 8, 4*i + f - 272 = 0. Is 2 a factor of i?
True
Suppose l = -4*l + 5*k, k - 5 = 0. Let u(h) = 12*h**2 + 43*h - 54. Let a be u(-9). Suppose -l*v + a = 3*c, 5*c - 3*v + 288 = 1207. Does 14 divide c?
True
Let c = 6139 - -6510. Is 139 a factor of c?
True
Let z(i) = 6861 - 3419 + i - 3423. Suppose -r - 30 = -3*r. Is 7 a factor of z(r)?
False
Let x be (-70)/(-12) - (-1)/6. Is 24 a factor of x*(-201)/(-4) - 3/6?
False
Let b(w) = w**3 + 21*w**2 - 28*w - 118. Let o be b(-22). Suppose -o*z - 5*a + 1398 = -11*z, 9 = 3*a. Does 7 divide z?
False
Suppose -12*z + 710 = -7*z. Suppose -5*p + z = 22. Does 4 divide p?
True
Let m = 84 + -79. Suppose m*r = 189 - 1009. Let u = r + 267. Is u a multiple of 11?
False
Let w = -32071 + 33394. Is 63 a factor of w?
True
Let t(f) = 28*f - 67. Let c(v) = 55*v - 137. Let u(z) = 4*c(z) - 7*t(z). Is u(6) even?
False
Suppose 0 = 1977*v - 2011*v + 626994. Is v a multiple of 24?
False
Let t(p) = -p**2 - 3*p + 135. Let g be t(-13). Does 22 divide (g/2)/((-30)/(-72)) + 369?
False
Suppose -2*a + 179 + 66 = -c, 5*c = 4*a - 505. Is 15 a factor of a?
True
Let a(b) = b**2 - 12*b + 11. Let w be a(11). Suppose w = -y - 4*y + 255. Suppose 0*k = -5*k + 2*o + 35, -y = -4*k - 3*o. Is 2 a factor of k?
False
Suppose -4*s - 8 = 0, -4*q + 481 = 3*s - 81. Suppose -k - k = q. Let i = -11 - k. Is 12 a factor of i?
True
Let u(x) = 2*x**2 - x - 11. Let s be u(-3). Let c(d) = 28*d - 9*d - 3*d - 10*d - s. Is c(8) a multiple of 12?
False
Let b(j) be the third derivative of 0 - 1/12*j**4 + 13/6*j**3 + 0*j - 22*j**2. Is b(0) a multiple of 8?
False
Suppose 2*q + 2*q = 2*k - 22, -2*q + 14 = 4*k. Suppose -k*s = -4*f - 17 - 3, -f - 12 = -3*s. Suppose -3*l - 3*l + 210 = f. Is l a multiple of 5?
True
Let g(m) = -36*m - 9. Suppose -3*c - 17 = 25. Let s be 147/(-28) + c/8 + 2. Is 22 a factor of g(s)?
False
Let d(r) = -35*r**3 - 16*r**2 - 92*r - 175. Does 8 divide d(-7)?
False
Suppose 3*m = 58 + 419. Suppose -4*s = -w + 156, -w + 25*s + m = 20*s. Is w a multiple of 61?
False
Is 2 + (20 - 30 - -13044) a multiple of 35?
False
Let k be 10 + 3/((-6)/10). Let s be k/(-25) - 1218/(-15). Suppose 17*p - s = 14*p. Is 9 a factor of p?
True
Let j be -9 + 1064/24 - 1/3. Suppose -9308 = -5*z - 3*o, 31*z = j*z + 2*o - 7448. Is 32 a factor of z?
False
Suppose -4*u = -x - 19, 3 = u - 3*x + 1. Suppose 4*n - u*v = 925, -n + 81 = v - 139. Does 45 divide n?
True
Let l(n) = n + 35. Let k be l(13). Suppose -k*j = -46*j - 410. Is j a multiple of 5?
True
Let f(g) = -694*g + 4510. Is 11 a factor of f(0)?
True
Let f = -40 - -39. Let r be f/(-5) - 7077/(-15). Suppose -u - 7*u = -r. Is 13 a factor of u?
False
Let f = 320 - 317. Suppose f*o + 2*s = 624, -3*s = -5*o + 89 + 951. Is 26 a factor of o?
True
Let z(g) = g**3 + 5*g**2 - 13*g + 18. Let n be z(4). Let u = 253 - n. Is u a multiple of 23?
False
Let d(v) = 2*v**2 - 2*v - 2. Suppose -5*s - 11 + 1 = 0. Let b be d(s). Suppose 2*p - 5*l + b*l = 199, 4*p - 365 = l. Is 39 a factor of p?
False
Let h(g) = -11*g - 29. Let x = 132 - 164. Is 9 a factor of h(x)?
False
Suppose -3*x - w + 4997 = -1847, x = -4*w + 2274. Is x a multiple of 14?
True
Let i(n) = -n**2 - 8*n + 11. Let v be i(-10). Let a(l) = -l**3 - 9*l**2 - 8*l - 11. Let y be a(v). Let g = 92 + y. Is 51 a factor of g?
True
Suppose 10*x - 10461 = -5*w + 6*x, -16 = -4*x. Suppose 3*l + l = -5*d + w, 4*d - 1669 = -l. Is d a multiple of 28?
False
Let z = 2898 - 2775. Is 4 a factor of z?
False
Let z(c) = c**3 + 3*c**2 - 8*c + 4. Let n be z(3). Suppose -36*b = -n*b - 806. Does 42 divide b?
False
Let y be ((-7995)/180 - 1/4)*12. Let d = y - -353. Does 7 divide (-3)/9*d + -5?
True
Suppose -2*k - 4*j + 8*j + 2 = 0, 0 = 4*k + 2*j - 24. Suppose k = -2*i - 7. Does 19 divide (3/i + 3/(-2))*-45?
False
Suppose -n = 59 - 53, -n + 10119 = 5*q. Is 15 a factor of q?
True
Let x(o) = o**3 - o**2 - 1. Let i(j) = -27*j**3 - 7*j**2 + 2*j - 1. Let k(u) = i(u) - 5*x(u). Does 29 divide k(-3)?
False
Suppose -2*s + 1217 = -456 - 567. Is s a multiple of 10?
True
Suppose -5*j = -5096 + 616. Suppose 0 = -11*g + 3*g + j. Does 10 divide g?
False
Let j = 76 - 53. Let h = 31 - j. Suppose -3*u = -4*u + h. Does 8 divide u?
True
Suppose 8*w - 270 - 2066 = -0*w. Is w a multiple of 11?
False
Let b = -618 + 611. Is 8 a factor of 51/((-51)/(-6) + b)?
False
Let i be (-16)/12*1*2946/(-4). Let k = i - 573. Does 14 divide k?
False
Let a(t) = 10*t**2 - 24*t - 25. Let u be a(5). Suppose -u*m + 300 = -102*m. Does 5 divide m?
True
Suppose -5*k = -4*v - 44, 5*k + 2*v - 43 + 5 = 0. Suppose -2*u + 0*u + 996 = 2*x, -k = -4*u. Suppose -4*g - 108 = -x. Is g a multiple of 17?
False
Let o(d) = -4*d. Let c = 64 - 60. Suppose 3*p + 12 = -c*q + 1, 0 = -3*p - 2*q - 19. Is o(p) a multiple of 6?
True
Let z = -19 - -5. Let d(j) = 3*j**3 + 14*j**2 + 25*j - 19. Let h(f) = 7*f**3 + 27*f**2 + 51*f - 38. Let g(o) = 5*d(o) - 2*h(o). Is g(z) a multiple of 17?
True
Suppose -214*s - 198 = -205*s. Is -2 - 40/s - (-